{"id":29,"date":"2020-07-27T14:04:43","date_gmt":"2020-07-27T17:04:43","guid":{"rendered":"https:\/\/nalgumcanto.com.br\/?page_id=29"},"modified":"2020-07-27T14:21:08","modified_gmt":"2020-07-27T17:21:08","slug":"sobre-nos","status":"publish","type":"page","link":"https:\/\/nalgumcanto.com.br\/?page_id=29","title":{"rendered":"Sobre n\u00f3s!"},"content":{"rendered":"\n<figure class=\"wp-block-image size-large\"><img loading=\"lazy\" decoding=\"async\" width=\"1024\" height=\"768\" src=\"https:\/\/nalgumcanto.com.br\/wp-content\/uploads\/2020\/07\/foto-perfil-3-1024x768.jpg\" alt=\"Somos o Fabio e a Vanessa, criadores do blog de dicas de viagem Nalgum Canto.\" class=\"wp-image-162\" title=\"Sobre n\u00f3s\" srcset=\"https:\/\/nalgumcanto.com.br\/wp-content\/uploads\/2020\/07\/foto-perfil-3-1024x768.jpg 1024w, https:\/\/nalgumcanto.com.br\/wp-content\/uploads\/2020\/07\/foto-perfil-3-300x225.jpg 300w, https:\/\/nalgumcanto.com.br\/wp-content\/uploads\/2020\/07\/foto-perfil-3-768x576.jpg 768w, https:\/\/nalgumcanto.com.br\/wp-content\/uploads\/2020\/07\/foto-perfil-3-1536x1152.jpg 1536w, https:\/\/nalgumcanto.com.br\/wp-content\/uploads\/2020\/07\/foto-perfil-3-2048x1536.jpg 2048w, https:\/\/nalgumcanto.com.br\/wp-content\/uploads\/2020\/07\/foto-perfil-3-80x60.jpg 80w\" sizes=\"auto, (max-width: 1024px) 100vw, 1024px\" \/><\/figure>\n\n\n\n<p>Bem-vind@s! \ud83d\ude42<\/p>\n\n\n\n<p>Somos o F\u00e1bio e a Vanessa, brasileiros, profissionais de marketing e amantes de viagens!&nbsp;<\/p>\n\n\n\n<p>Sempre adoramos viajar e passar as dicas de viagens para amigos. Sempre tivemos muitos e-mails prontos para de v\u00e1rias cidades e lugares pelos quais passamos, da\u00ed a ideia de compartilhar isso com mais gente e criar um Blog.<\/p>\n\n\n\n<p>Sozinhos ou em casal j\u00e1 moramos na Espanha, Canad\u00e1, Argentina, Portugal, e \u00e9 claro, Brasil, e h\u00e1 10 anos estamos juntos compartilhando essas experi\u00eancias.<\/p>\n\n\n\n<p>Conhecer novos lugares, tanto os tur\u00edsticos, mas principalmente cantinhos charmosos e n\u00e3o t\u00e3o conhecidos, \u00e9 a nossa paix\u00e3o. Tamb\u00e9m temos loucura por praias, casamos na praia e para n\u00f3s n\u00e3o h\u00e1 sensa\u00e7\u00e3o melhor do que pisar na areia e sentir o mar.<\/p>\n\n\n\n<p>Amamos uma boa cerveja, vinho ou talvez bebidas em geral para brindarmos aos bons momentos e celebrarmos. Por isso, em nossas viagens sempre tentamos achar algum bar, cervejaria ou vin\u00edcola para vivenciar um pouco mais da cultura local por onde passamos.<\/p>\n\n\n\n<p>Adoramos planejar as nossas viagens, pesquisar sobre os lugares e esperamos conseguir inspirar voc\u00eas a fazer o mesmo! <strong>Percebemos que mesmo planejando a viagem, o que mais gostamos s\u00e3o os cantos que achamos pelo caminho, onde podemos tirar belas fotos (outra paix\u00e3o do F\u00e1bio), viver uma experi\u00eancia local e realmente apreciar cada momento.<\/strong><\/p>\n\n\n\n<p>O blog Nalgum Canto nasce para reunir tudo isso em um s\u00f3 lugar, onde voc\u00ea pode encontrar dicas para suas viagens de cantinhos, lugares locais e pouco conhecidos ou pontos de vistas diferentes de locais famosos.<\/p>\n\n\n\n<p>Nos encontramos nalgum canto do jardim, do parque, da praia, do bar, da cidade, do mundo&#8230;<\/p>\n","protected":false},"excerpt":{"rendered":"<p>Bem-vind@s! \ud83d\ude42 Somos o F\u00e1bio e a Vanessa, brasileiros, profissionais de marketing e amantes de viagens!&nbsp; Sempre adoramos viajar e passar as dicas de viagens para amigos. Sempre tivemos muitos e-mails prontos para de v\u00e1rias cidades e lugares pelos quais passamos, da\u00ed a ideia de compartilhar isso com mais gente e criar um Blog. Sozinhos &hellip; <\/p>\n","protected":false},"author":1,"featured_media":0,"parent":0,"menu_order":0,"comment_status":"closed","ping_status":"closed","template":"","meta":{"_monsterinsights_skip_tracking":false,"_monsterinsights_sitenote_active":false,"_monsterinsights_sitenote_note":"","_monsterinsights_sitenote_category":0,"footnotes":""},"class_list":["post-29","page","type-page","status-publish","hentry","latest_post"],"yoast_head":"<!-- This site is optimized with the Yoast SEO plugin v15.0 - https:\/\/yoast.com\/wordpress\/plugins\/seo\/ -->\n<title>Sobre n\u00f3s! - Nalgum Canto - Dicas de viagens para al\u00e9m do \u00f3bvio<\/title>\n<meta name=\"description\" content=\"Encontre cantinhos e lugares especiais em suas viagens. Aqui compartilhamos dicas de viagens com nossos lugares preferidos para que se inspirem e montem a viagem com a cara de voc\u00eas.\" \/>\n<meta name=\"robots\" content=\"index, follow, max-snippet:-1, max-image-preview:large, max-video-preview:-1\" \/>\n<link rel=\"canonical\" href=\"https:\/\/nalgumcanto.com\/sobre-nos\" \/>\n<meta property=\"og:locale\" content=\"pt_BR\" \/>\n<meta property=\"og:type\" content=\"article\" \/>\n<meta property=\"og:title\" content=\"Sobre n\u00f3s! - Nalgum Canto - Dicas de viagens para al\u00e9m do \u00f3bvio\" \/>\n<meta property=\"og:description\" content=\"Encontre cantinhos e lugares especiais em suas viagens. Aqui compartilhamos dicas de viagens com nossos lugares preferidos para que se inspirem e montem a viagem com a cara de voc\u00eas.\" \/>\n<meta property=\"og:url\" content=\"https:\/\/nalgumcanto.com\/sobre-nos\" \/>\n<meta property=\"og:site_name\" content=\"Nalgum Canto\" \/>\n<meta property=\"article:modified_time\" content=\"2020-07-27T17:21:08+00:00\" \/>\n<meta property=\"og:image\" content=\"https:\/\/nalgumcanto.com\/wp-content\/uploads\/2020\/07\/foto-perfil-3-1024x768.jpg\" \/>\n<meta name=\"twitter:card\" content=\"summary_large_image\" \/>\n<script type=\"application\/ld+json\" class=\"yoast-schema-graph\">{\"@context\":\"https:\/\/schema.org\",\"@graph\":[{\"@type\":\"WebSite\",\"@id\":\"https:\/\/nalgumcanto.com.br\/#website\",\"url\":\"https:\/\/nalgumcanto.com.br\/\",\"name\":\"Nalgum Canto\",\"description\":\"Encontre cantinhos e lugares especiais em suas viagens\",\"potentialAction\":[{\"@type\":\"SearchAction\",\"target\":\"https:\/\/nalgumcanto.com.br\/?s={search_term_string}\",\"query-input\":\"required name=search_term_string\"}],\"inLanguage\":\"pt-BR\"},{\"@type\":\"ImageObject\",\"@id\":\"https:\/\/nalgumcanto.com\/sobre-nos#primaryimage\",\"inLanguage\":\"pt-BR\",\"url\":\"https:\/\/nalgumcanto.com.br\/wp-content\/uploads\/2020\/07\/foto-perfil-3-1024x768.jpg\"},{\"@type\":\"WebPage\",\"@id\":\"https:\/\/nalgumcanto.com\/sobre-nos#webpage\",\"url\":\"https:\/\/nalgumcanto.com\/sobre-nos\",\"name\":\"Sobre n\\u00f3s! - Nalgum Canto - Dicas de viagens para al\\u00e9m do \\u00f3bvio\",\"isPartOf\":{\"@id\":\"https:\/\/nalgumcanto.com.br\/#website\"},\"primaryImageOfPage\":{\"@id\":\"https:\/\/nalgumcanto.com\/sobre-nos#primaryimage\"},\"datePublished\":\"2020-07-27T17:04:43+00:00\",\"dateModified\":\"2020-07-27T17:21:08+00:00\",\"description\":\"Encontre cantinhos e lugares especiais em suas viagens. Aqui compartilhamos dicas de viagens com nossos lugares preferidos para que se inspirem e montem a viagem com a cara de voc\\u00eas.\",\"inLanguage\":\"pt-BR\",\"potentialAction\":[{\"@type\":\"ReadAction\",\"target\":[\"https:\/\/nalgumcanto.com\/sobre-nos\"]}]}]}<\/script>\n<!-- \/ Yoast SEO plugin. -->","_links":{"self":[{"href":"https:\/\/nalgumcanto.com.br\/index.php?rest_route=\/wp\/v2\/pages\/29","targetHints":{"allow":["GET"]}}],"collection":[{"href":"https:\/\/nalgumcanto.com.br\/index.php?rest_route=\/wp\/v2\/pages"}],"about":[{"href":"https:\/\/nalgumcanto.com.br\/index.php?rest_route=\/wp\/v2\/types\/page"}],"author":[{"embeddable":true,"href":"https:\/\/nalgumcanto.com.br\/index.php?rest_route=\/wp\/v2\/users\/1"}],"replies":[{"embeddable":true,"href":"https:\/\/nalgumcanto.com.br\/index.php?rest_route=%2Fwp%2Fv2%2Fcomments&post=29"}],"version-history":[{"count":3,"href":"https:\/\/nalgumcanto.com.br\/index.php?rest_route=\/wp\/v2\/pages\/29\/revisions"}],"predecessor-version":[{"id":242,"href":"https:\/\/nalgumcanto.com.br\/index.php?rest_route=\/wp\/v2\/pages\/29\/revisions\/242"}],"wp:attachment":[{"href":"https:\/\/nalgumcanto.com.br\/index.php?rest_route=%2Fwp%2Fv2%2Fmedia&parent=29"}],"curies":[{"name":"wp","href":"https:\/\/api.w.org\/{rel}","templated":true}]}}